{"id":1990,"date":"2019-04-30T11:56:52","date_gmt":"2019-04-30T09:56:52","guid":{"rendered":"http:\/\/www.freedivingbluedream.it\/?page_id=1990"},"modified":"2019-04-30T11:56:52","modified_gmt":"2019-04-30T09:56:52","slug":"apnea-indoor-2","status":"publish","type":"page","link":"https:\/\/www.freedivingbluedream.it\/?page_id=1990","title":{"rendered":"Apnea Indoor"},"content":{"rendered":"<p><img decoding=\"async\" loading=\"lazy\" class=\"size-full wp-image-1979 alignleft\" src=\"http:\/\/www.freedivingbluedream.it\/public\/wp-content\/uploads\/2019\/04\/apneista_indoor.200x0.jpg\" alt=\"apneista_indoor-200x0\" width=\"200\" height=\"133\" \/><span style=\"font-size: 14pt;\">Il corso &#8216;Apnea Indoor&#8217; \u00e8 il primo corso AA che si sviluppa completamente in piscina. L&#8217;obiettivo \u00e8 quello di far scoprire all&#8217;allievo le belle sensazioni che solo l&#8217;apnea pu\u00f2 dare con una corretta gestione della respirazione e del rilassamento. Niente performance fine a se stessa ma soprattutto sviluppo della sensibilit\u00e0 in acqua, attraverso l&#8217;ascolto del proprio corpo, per riscoprire il piacere di sciogliersi nel liquido che avvolge e diventare un tutt&#8217;uno con l&#8217;acqua.<\/span><\/p>\n<p><a href=\"http:\/\/www.freedivingbluedream.it\/?page_id=417\"><img decoding=\"async\" loading=\"lazy\" class=\" wp-image-427 alignright\" src=\"http:\/\/www.freedivingbluedream.it\/public\/wp-content\/uploads\/2015\/11\/Corsi2.png\" alt=\"Corsi2\" width=\"100\" height=\"100\" srcset=\"https:\/\/www.freedivingbluedream.it\/public\/wp-content\/uploads\/2015\/11\/Corsi2.png 320w, https:\/\/www.freedivingbluedream.it\/public\/wp-content\/uploads\/2015\/11\/Corsi2-120x120.png 120w\" sizes=\"(max-width: 100px) 100vw, 100px\" \/><\/a><\/p>\n","protected":false},"excerpt":{"rendered":"<p>Il corso &#8216;Apnea Indoor&#8217; \u00e8 il primo corso AA che si sviluppa completamente in piscina. L&#8217;obiettivo \u00e8 quello di far scoprire all&#8217;allievo le belle sensazioni che solo l&#8217;apnea pu\u00f2 dare con una corretta gestione della respirazione e del rilassamento. Niente performance fine a se stessa ma soprattutto sviluppo della sensibilit\u00e0 in acqua, attraverso l&#8217;ascolto del<\/p>\n<div class=\"read-more\"><a href=\"https:\/\/www.freedivingbluedream.it\/?page_id=1990\" title=\"Read More\">Read More<\/a><\/div>\n","protected":false},"author":6,"featured_media":0,"parent":0,"menu_order":0,"comment_status":"closed","ping_status":"closed","template":"","meta":{"om_disable_all_campaigns":false,"_monsterinsights_skip_tracking":false,"_monsterinsights_sitenote_active":false,"_monsterinsights_sitenote_note":"","_monsterinsights_sitenote_category":0,"_uf_show_specific_survey":0,"_uf_disable_surveys":false},"aioseo_notices":[],"_links":{"self":[{"href":"https:\/\/www.freedivingbluedream.it\/index.php?rest_route=\/wp\/v2\/pages\/1990"}],"collection":[{"href":"https:\/\/www.freedivingbluedream.it\/index.php?rest_route=\/wp\/v2\/pages"}],"about":[{"href":"https:\/\/www.freedivingbluedream.it\/index.php?rest_route=\/wp\/v2\/types\/page"}],"author":[{"embeddable":true,"href":"https:\/\/www.freedivingbluedream.it\/index.php?rest_route=\/wp\/v2\/users\/6"}],"replies":[{"embeddable":true,"href":"https:\/\/www.freedivingbluedream.it\/index.php?rest_route=%2Fwp%2Fv2%2Fcomments&post=1990"}],"version-history":[{"count":2,"href":"https:\/\/www.freedivingbluedream.it\/index.php?rest_route=\/wp\/v2\/pages\/1990\/revisions"}],"predecessor-version":[{"id":1992,"href":"https:\/\/www.freedivingbluedream.it\/index.php?rest_route=\/wp\/v2\/pages\/1990\/revisions\/1992"}],"wp:attachment":[{"href":"https:\/\/www.freedivingbluedream.it\/index.php?rest_route=%2Fwp%2Fv2%2Fmedia&parent=1990"}],"curies":[{"name":"wp","href":"https:\/\/api.w.org\/{rel}","templated":true}]}}