{"id":123,"date":"2015-05-21T19:23:36","date_gmt":"2015-05-21T17:23:36","guid":{"rendered":"http:\/\/www.freedivingbluedream.it\/?page_id=123"},"modified":"2017-12-05T17:50:50","modified_gmt":"2017-12-05T16:50:50","slug":"apnea-in-mare","status":"publish","type":"page","link":"https:\/\/www.freedivingbluedream.it\/?page_id=123","title":{"rendered":"Apnea in mare"},"content":{"rendered":"<h3><strong>Assetto costante (CWT)<\/strong><\/h3>\n<p><a href=\"http:\/\/www.freedivingbluedream.it\/public\/wp-content\/uploads\/2015\/05\/martin-stepanek-world-record-_pc-petr_vaverka.jpg\"><img decoding=\"async\" loading=\"lazy\" class=\" size-medium wp-image-157 alignleft\" src=\"http:\/\/www.freedivingbluedream.it\/public\/wp-content\/uploads\/2015\/05\/martin-stepanek-world-record-_pc-petr_vaverka-195x300.jpg\" alt=\"martin stepanek world record _pc petr_vaverka\" width=\"195\" height=\"300\" srcset=\"https:\/\/www.freedivingbluedream.it\/public\/wp-content\/uploads\/2015\/05\/martin-stepanek-world-record-_pc-petr_vaverka-195x300.jpg 195w, https:\/\/www.freedivingbluedream.it\/public\/wp-content\/uploads\/2015\/05\/martin-stepanek-world-record-_pc-petr_vaverka-666x1024.jpg 666w, https:\/\/www.freedivingbluedream.it\/public\/wp-content\/uploads\/2015\/05\/martin-stepanek-world-record-_pc-petr_vaverka-942x1448.jpg 942w, https:\/\/www.freedivingbluedream.it\/public\/wp-content\/uploads\/2015\/05\/martin-stepanek-world-record-_pc-petr_vaverka.jpg 1200w\" sizes=\"(max-width: 195px) 100vw, 195px\" \/><\/a>L&#8217;atleta si immerge e risale lungo il cavo guida avvalendosi soltanto delle sue forze, utilizzando come propulsore le pinne o monopinna.<\/p>\n<p>I tuffi con monopinna sono particolarmente veloci, ci\u00f2 richiede un allenamento e una tecnica notevole, nonch\u00e9 una padronanza perfetta della compensazione.<\/p>\n<p>L&#8217;attuale record del mondo appartiene ad <strong>Alexey Molchanov<\/strong> (RUS) con ben -128m, in campo femminile appartiene alla nostra connazionale\u00a0<strong>Alessia Zecchini<\/strong>\u00a0(ITA) con -104m.<\/p>\n<p>&nbsp;<\/p>\n<p>&nbsp;<\/p>\n<p>&nbsp;<\/p>\n<p>&nbsp;<\/p>\n<h3><strong>Assetto costante senza attrezzatura\u00a0(CNF)<\/strong><\/h3>\n<p>L&#8217;apneista si immerge e risale con il solo ausilio delle sue braccia e gambe, nuotando a rana.<\/p>\n<p><strong>William Trubridge (NZL)<\/strong> \u00e8 ormai da anni il re incontrastato di questa disciplina, da molti considerata il modo pi\u00f9 puro e faticoso di immergersi in mare.<\/p>\n<p>102m \u00e8 il Record, imbattuto dal 2016.<\/p>\n<p><iframe loading=\"lazy\" width=\"702\" height=\"395\" src=\"https:\/\/www.youtube.com\/embed\/e_sc7j0XHEk?start=10&#038;feature=oembed\" frameborder=\"0\" gesture=\"media\" allow=\"encrypted-media\" allowfullscreen><\/iframe><\/p>\n<p>&nbsp;<\/p>\n<h3><strong>Immersione libera (FIM)<\/strong><\/h3>\n<p><a href=\"http:\/\/www.freedivingbluedream.it\/public\/wp-content\/uploads\/2015\/05\/maxresdefault.jpg\"><img decoding=\"async\" loading=\"lazy\" class=\" size-medium wp-image-160 alignleft\" src=\"http:\/\/www.freedivingbluedream.it\/public\/wp-content\/uploads\/2015\/05\/maxresdefault-300x169.jpg\" alt=\"maxresdefault\" width=\"300\" height=\"169\" srcset=\"https:\/\/www.freedivingbluedream.it\/public\/wp-content\/uploads\/2015\/05\/maxresdefault-300x169.jpg 300w, https:\/\/www.freedivingbluedream.it\/public\/wp-content\/uploads\/2015\/05\/maxresdefault-1024x576.jpg 1024w, https:\/\/www.freedivingbluedream.it\/public\/wp-content\/uploads\/2015\/05\/maxresdefault-942x530.jpg 942w, https:\/\/www.freedivingbluedream.it\/public\/wp-content\/uploads\/2015\/05\/maxresdefault.jpg 1920w\" sizes=\"(max-width: 300px) 100vw, 300px\" \/><\/a>L&#8217;atleta scende e risale tirandosi lungo il cavo guida.<\/p>\n<p>Rappresenta lo stile pi\u00f9 immediato, in quanto l&#8217;apneista \u00e8 in grado di modulare la velocit\u00e0 di discesa e risalita gestendo al meglio la compensazione, \u00a0tempi di immersione si dilatano a dismisura nei tuffi pi\u00f9 profondi.<\/p>\n<p>Il record del mondo \u00e8 in mano a <strong>William Trubridge<\/strong> con 124\u00a0m.<\/p>\n<p>&nbsp;<\/p>\n<h3><strong>No Limits<\/strong><\/h3>\n<p><a href=\"http:\/\/www.freedivingbluedream.it\/public\/wp-content\/uploads\/2015\/05\/Herbert-Nitsch-BREITLING-Extreme-800-08.jpg\"><img decoding=\"async\" loading=\"lazy\" class=\" size-medium wp-image-162 alignleft\" src=\"http:\/\/www.freedivingbluedream.it\/public\/wp-content\/uploads\/2015\/05\/Herbert-Nitsch-BREITLING-Extreme-800-08-300x300.jpg\" alt=\"Herbert-Nitsch-BREITLING-Extreme-800-08\" width=\"300\" height=\"300\" srcset=\"https:\/\/www.freedivingbluedream.it\/public\/wp-content\/uploads\/2015\/05\/Herbert-Nitsch-BREITLING-Extreme-800-08-300x300.jpg 300w, https:\/\/www.freedivingbluedream.it\/public\/wp-content\/uploads\/2015\/05\/Herbert-Nitsch-BREITLING-Extreme-800-08-150x150.jpg 150w, https:\/\/www.freedivingbluedream.it\/public\/wp-content\/uploads\/2015\/05\/Herbert-Nitsch-BREITLING-Extreme-800-08.jpg 700w\" sizes=\"(max-width: 300px) 100vw, 300px\" \/><\/a>La disciplina pi\u00f9 estrema e pericolosa.<\/p>\n<p>L&#8217;atleta si immerge avvalendosi di una &#8220;slitta&#8221; ovvero un sistema di zavorre che fa scendere l&#8217;apneista senza sforzo, giunto sul fondo la risalita avviene tramite palloni di aria compressa o sistemi meccanici.<\/p>\n<p>In questo modo l&#8217;atleta deve solo pensare alla compensazione che risulta essere l&#8217;unica limitazione alla sua performance.<\/p>\n<p>La storia di questa disciplina \u00e8 lunga e travagliata. Oggi non ci sono competizioni in no limits.<\/p>\n<p>Il record del mondo ufficiale appartiene al &#8220;Pesce volante&#8221; aka <strong>Herbert Nitsch (AUS)\u00a0<\/strong> con -214 m.<\/p>\n<p>Nel 2012 ha effettuato con successo un tuffo a oltre 250m non validato dai giudici. Tuffo che conferisce il titolo di &#8220;Uomo pi\u00f9 profondo del pianeta&#8221;.<\/p>\n<p>In italia ormai da anni <strong>Andrea Zuccari\u00a0<\/strong>sta spingendo sempre pi\u00f9 in profondit\u00e0 il record italiano, che ad oggi \u00e8 di 185m. Presto romper\u00e0 il muro dei 200.<\/p>\n<p><iframe loading=\"lazy\" width=\"702\" height=\"395\" src=\"https:\/\/www.youtube.com\/embed\/u8mQdX4eEo8?feature=oembed\" frameborder=\"0\" gesture=\"media\" allow=\"encrypted-media\" allowfullscreen><\/iframe><\/p>\n<p>Il suo precedente record a 175m era stato effettuato con maschera e tecnica di compensazione MouthFill, il che lo rende l&#8217;uomo pi\u00f9 profondo del mondo con la maschera.<\/p>\n<p>&nbsp;<\/p>\n<h3><strong>Assetto Variabile<\/strong><\/h3>\n<p><a href=\"http:\/\/www.freedivingbluedream.it\/public\/wp-content\/uploads\/2015\/05\/discipline_variabile.jpg\"><img decoding=\"async\" loading=\"lazy\" class=\" size-medium wp-image-165 alignleft\" src=\"http:\/\/www.freedivingbluedream.it\/public\/wp-content\/uploads\/2015\/05\/discipline_variabile-188x300.jpg\" alt=\"discipline_variabile\" width=\"188\" height=\"300\" srcset=\"https:\/\/www.freedivingbluedream.it\/public\/wp-content\/uploads\/2015\/05\/discipline_variabile-188x300.jpg 188w, https:\/\/www.freedivingbluedream.it\/public\/wp-content\/uploads\/2015\/05\/discipline_variabile.jpg 300w\" sizes=\"(max-width: 188px) 100vw, 188px\" \/><\/a>L&#8217;atleta scende con una zavorra del peso di max 30kg e risale con le sue forze.<\/p>\n<p>145m \u00e8 il record del mondo e appartiene a <strong>William Winram<\/strong>.<\/p>\n<p>&nbsp;<\/p>\n","protected":false},"excerpt":{"rendered":"<p>Assetto costante (CWT) L&#8217;atleta si immerge e risale lungo il cavo guida avvalendosi soltanto delle sue forze, utilizzando come propulsore le pinne o monopinna. I tuffi con monopinna sono particolarmente veloci, ci\u00f2 richiede un allenamento e una tecnica notevole, nonch\u00e9 una padronanza perfetta della compensazione. L&#8217;attuale record del mondo appartiene ad Alexey Molchanov (RUS) con<\/p>\n<div class=\"read-more\"><a href=\"https:\/\/www.freedivingbluedream.it\/?page_id=123\" title=\"Read More\">Read More<\/a><\/div>\n","protected":false},"author":1,"featured_media":0,"parent":0,"menu_order":0,"comment_status":"closed","ping_status":"closed","template":"","meta":{"om_disable_all_campaigns":false,"_monsterinsights_skip_tracking":false,"_monsterinsights_sitenote_active":false,"_monsterinsights_sitenote_note":"","_monsterinsights_sitenote_category":0,"_uf_show_specific_survey":0,"_uf_disable_surveys":false},"aioseo_notices":[],"_links":{"self":[{"href":"https:\/\/www.freedivingbluedream.it\/index.php?rest_route=\/wp\/v2\/pages\/123"}],"collection":[{"href":"https:\/\/www.freedivingbluedream.it\/index.php?rest_route=\/wp\/v2\/pages"}],"about":[{"href":"https:\/\/www.freedivingbluedream.it\/index.php?rest_route=\/wp\/v2\/types\/page"}],"author":[{"embeddable":true,"href":"https:\/\/www.freedivingbluedream.it\/index.php?rest_route=\/wp\/v2\/users\/1"}],"replies":[{"embeddable":true,"href":"https:\/\/www.freedivingbluedream.it\/index.php?rest_route=%2Fwp%2Fv2%2Fcomments&post=123"}],"version-history":[{"count":17,"href":"https:\/\/www.freedivingbluedream.it\/index.php?rest_route=\/wp\/v2\/pages\/123\/revisions"}],"predecessor-version":[{"id":1526,"href":"https:\/\/www.freedivingbluedream.it\/index.php?rest_route=\/wp\/v2\/pages\/123\/revisions\/1526"}],"wp:attachment":[{"href":"https:\/\/www.freedivingbluedream.it\/index.php?rest_route=%2Fwp%2Fv2%2Fmedia&parent=123"}],"curies":[{"name":"wp","href":"https:\/\/api.w.org\/{rel}","templated":true}]}}